111101 - -10?
-110111001100000111111011
In base 7, what is 40404614 + -4?
40404610
In base 9, what is -20253 - -4875?
-14267
In base 11, what is 1955453 + 38?
1955490
In base 13, what is -22a1 + -597?
-2868
In base 4, what is -3003 + 1333323331?
1333320322
In base 7, what is -202 + 35526000?
35525465
In base 3, what is -22 - -10001121102002?
10001121101210
In base 4, what is 110 - 1201023?
-1200313
In base 2, what is 1111101101 + -101100010001010001?
-101100000001100100
In base 3, what is 211 + -1102021200110121?
-1102021200102210
In base 6, what is 21533534300 - -3?
21533534303
In base 16, what is -2d + c4f321?
c4f2f4
In base 4, what is -2212 - -1012002?
1003130
In base 11, what is 1389301 - -9?
138930a
In base 6, what is 452151530 - -15?
452151545
In base 11, what is -23 + -a643701?
-a643724
In base 10, what is -431141 - 124?
-431265
In base 15, what is 3e2726 + 1?
3e2727
In base 6, what is -45 - -32421140?
32421051
In base 3, what is 11121 - 1000021010120?
-1000020221222
In base 3, what is -10201211021 + 102?
-10201210212
In base 14, what is 2 - -24ddb30?
24ddb32
In base 13, what is 283a43c1 - 3?
283a43bb
In base 16, what is 1cb695 + 8c?
1cb721
In base 2, what is -111001101111001010000001 - -11?
-111001101111001001111110
In base 16, what is -75bb05 + -4?
-75bb09
In base 2, what is -10100000000011 - 110101010101?
-11010101011000
In base 4, what is -3033133020301 - -13?
-3033133020222
In base 13, what is 4577 - -292?
4839
In base 2, what is 11000000001000000010000 - 1000?
11000000001000000001000
In base 14, what is a61c6 - -406?
a65cc
In base 8, what is 4 + 25161301?
25161305
In base 11, what is 4 - -722a7?
72300
In base 7, what is -16 + 5634662?
5634643
In base 15, what is -40dbd6 - 4?
-40dbda
In base 5, what is 3432 + 124110?
133042
In base 12, what is -64022538 + 0?
-64022538
In base 13, what is -336 + -101259?
-101592
In base 11, what is -31587 - -70?
-31517
In base 14, what is -300 - 58a?
-88a
In base 5, what is -4410342 - 23341?
-4434233
In base 2, what is 1010100101011111100111 + 11110001?
1010100101100011011000
In base 10, what is 6905 - 1251?
5654
In base 5, what is -1424103301101 - -3?
-1424103301043
In base 13, what is 2 - -7438c5c?
7438c61
In base 7, what is -63645501 + -4?
-63645505
In base 8, what is -11251760 - 33?
-11252013
In base 4, what is 3 - -103022303313?
103022303322
In base 14, what is -40d8ca + -66?
-40d952
In base 14, what is da4178 + -22?
da4156
In base 9, what is 708 + -508084?
-507275
In base 5, what is -413042113 - 444?
-413043112
In base 6, what is -4303154 + -1505?
-4305103
In base 7, what is -12146 - 3433?
-15612
In base 4, what is 21123000210210 - -1?
21123000210211
In base 5, what is 3003 - 1111?
1342
In base 3, what is 1022001 - 1120012221?
-1111220220
In base 9, what is 7 - 5576235?
-5576227
In base 11, what is 1668 + -26a9?
-1041
In base 2, what is 11 - 10100100100100101001111?
-10100100100100101001100
In base 14, what is 45d20 - -191?
460b1
In base 14, what is -1 - -bd80ab7?
bd80ab6
In base 13, what is -38191bb6 - -5?
-38191bb1
In base 6, what is 14455 + -23024?
-4125
In base 5, what is 441323201330 - 4?
441323201321
In base 4, what is -3 + 21130121311203?
21130121311200
In base 4, what is -1 - 1130212111330?
-1130212111331
In base 7, what is -11205 - 155523?
-200031
In base 13, what is 1 - -40bb1a?
40bb1b
In base 15, what is 1c + -b6cd2?
-b6cb5
In base 14, what is 17a1305 - -42?
17a1347
In base 2, what is 100110001110111110100010110 - 1?
100110001110111110100010101
In base 13, what is -78a6 - -4376?
-3530
In base 2, what is 100111101101111111 - -100101000011?
101000010011000010
In base 7, what is -2315 - 335212?
-340530
In base 16, what is 270 + -36aee?
-3687e
In base 12, what is -118a54 - -ba?
-118956
In base 9, what is -10 - 1575567?
-1575577
In base 15, what is 16b + -c74?
-b08
In base 6, what is 543540543 + 3?
543540550
In base 3, what is 1111111001211001110 - -12?
1111111001211001122
In base 13, what is -516c4c5 - -1?
-516c4c4
In base 12, what is -335 - 70a8?
-7421
In base 6, what is 150532044 - 4?
150532040
In base 3, what is 12120121101001 + -10110?
12120121020121
In base 8, what is -1731 + 156115?
154164
In base 13, what is 3b - 663a?
-65cc
In base 2, what is 10011011101101011011 - 11000?
10011011101101000011
In base 6, what is -52124 + -2522221?
-3014345
In base 3, what is 11220200000111121 + 11?
11220200000111202
In base 10, what is 30943 - 1351?
29592
In base 12, what is 422 + 2168?
258a
In base 5, what is -30443111 - -23213?
-30414343
In base 16, what is -bb + 1125c1?
112506
In base 6, what is -4013224 - 10112?
-4023340
In base 3, what is -22010 + -102112222002?
-102120021012
In base 12, what is -12a474b - 0?
-12a474b
In base 11, what is -68989158 + -1?
-68989159
In base 8, what is -1 + 30767003?
30767002
In base 16, what is 22 + -ef9bb?
-ef999
In base 6, what is -401 - 2042304?
-2043105
In base 6, what is -1 + 211445012?
211445011
In base 14, what is -1 - -33b39a?
33b399
In base 5, what is 322341021021 - 0?
322341021021
In base 14, what is -2 + -1555ad?
-1555b1
In base 15, what is -c2e0e + -74?
-c2e83
In base 13, what is -1b8 - -43a32?
43847
In base 15, what is 1141c + -a5?
11367
In base 13, what is 31764 - 157b?
301b6
In base 11, what is 368 - 2886?
-2519
In base 10, what is 0 - -17758367?
17758367
In base 9, what is -634 + -4028?
-4663
In base 13, what is 5 + 31969c?
3196a4
In base 11, what is 16aa78 + -183?
16a8a5
In base 14, what is 25 + 1ab21d?
1ab244
In base 5, what is -10024220 - -104110?
-4420110
In base 7, what is -5 - 1341311055?
-1341311063
In base 10, what is -91174 - 5271?
-96445
In base 8, what is -1416 + 1145?
-251
In base 9, what is -2630 - -2025?
-604
In base 6, what is -23355342 - -145?
-23355153
In base 13, what is 34 + 498446?
49847a
In base 10, what is 8459 + -19867?
-11408
In base 16, what is 134b47 - 28?
134b1f
In base 14, what is -45844 - b89?
-465cd
In base 14, what is 0 + 12621c77?
12621c77
In base 9, what is -15365 + 127?
-15237
In base 16, what is 5c2c8 + -40?
5c288
In base 3, what is 0 + -1022122112111200?
-1022122112111200
In base 5, what is -1 - -420321043?
420321042
In base 3, what is 1012 - -1020100220100212?
1020100220102001
In base 12, what is -56 + 28a4011?
28a3b77
In base 15, what is 5 + c72000?
c72005
In base 2, what is -100001000 + 101011101001?
100111100001
In base 15, what is -d8c1 + -1aa?
-da7b
In base 16, what is -2 - 5d51ec?
-5d51ee
In base 8, what is 3724630 + 10?
3724640
In base 5, what is 3 - -213243030?
213243033
In base 10, what is 10 + -4726058?
-4726048
In base 4, what is -11 - -102203322210?
102203322133
In base 2, what is 10111010000011111001000101001 + -10?
10111010000011111001000100111
In base 10, what is 50018578 - 5?
50018573
In base 10, what is 737285 + -146?
737139
In base 5, what is 214231243420 + 0?
214231243420
In base 15, what is -7897 - 2?
-7899
In base 14, what is 4 + 7407b8?
7407bc
In base 2, what is -110101101010101111 - -100111011?
-110101100101110100
In base 5, what is 10243 + 21032222?
21043020
In base 14, what is -815 - -49c?
-357
In base 14, what is -5 + 15b287a?
15b2875
In base 3, what is -2122 - 100001012101211?
-100001012111110
In base 13, what is 6c62b41 + -5?
6c62b39
In base 15, what is d5dc - -da?
d6c7
In base 7, what is -10264434542 + 0?
-10264434542
In base 8, what is -5 + 127245144?
127245137
In base 10, what is 232176 - -8?
232184
In base 9, what is 36 - 2870877?
-2870841
In base 8, what is -21435 - -510?
-20725
In base 4, what is -233 - 210312301?
-210313200
In base 6, what is -10541421 + 3540?
-10533441
In base 6, what is -11044 + 3145044?
3134000
In base 11, what is 219 + -902583?
-902365
In base 5, what is -32004103 - -234?
-32003314
In base 13, what is c6a17c4 + 0?
c6a17c4
In base 2, what is -111101 - 100000001110101111111?
-100000001110110111100
In base 7, what is -1104636 - -1311?
-1103325
In base 7, what is -55635323 - -45?
-55635245
In base 8, what is -1536 + 2705?
1147
In base 14, what is -192 - -1c17d?
1bdcb
In base 7, what is 4 + -1221326462?
-1221326455
In base 8, what is -235103125 + 3?
-235103122
In base 2, what is 1011001110011110010010010110 + 0?
1011001110011110010010010110
In base 14, what is -6849405 - 2?
-6849407
In base 14, what is -a - -92401d?
924013
In base 16, what is -a157b - 7?